= 0. Calculate the greatest common factor of 84 and p.
28
Suppose 4*l + 56 = 160. Let j(n) = n**2 - 6*n + 2. Let f(x) = -10*x + 76. Let u be f(7). Let g be j(u). Calculate the highest common divisor of g and l.
2
Suppose -84*r + 78 = -71*r. Suppose 5*t = 5*q - r*q + 2570, 0 = -5*t - 4*q + 2585. What is the highest common divisor of 38 and t?
19
Let b = 4850 + -4802. Calculate the greatest common factor of 112 and b.
16
Suppose -m - 2*q = -6*m + 304, 122 = 2*m - q. Suppose 0 = 2*a - 5*j - 399, -5*a + 4*j = -a - 780. What is the highest common divisor of m and a?
12
Let r be ((-214)/(-12) + 0)/(233/1398). Calculate the highest common factor of r and 26.
1
Let b(n) = -3*n**3 - 348*n**2 - 350*n - 392. Let f be b(-115). What is the highest common factor of f and 671?
61
Let c be ((-495)/10)/((-270)/(-68) + (4 - 8)). Calculate the greatest common divisor of 4675 and c.
187
Suppose -97*v - 60 = -89*v - 244. Calculate the greatest common factor of 7981 and v.
23
Let z be 5/(10/(-6)) - (-42948)/6. Calculate the greatest common divisor of 135 and z.
135
Let x be 100/12*(-12)/(-20). Suppose 2*n - 3 + x = 0, n = -2*h + 1699. What is the greatest common factor of 50 and h?
50
Suppose 10*l + 46 = 266. Let m = l - 20. Let o be (m - -1) + 2 - -2. Calculate the highest common factor of o and 1.
1
Let d(z) = -2*z**3 - z**2 - z + 1240. Let o be d(0). Calculate the highest common factor of 760 and o.
40
Let m(o) = 40*o**2 + 160*o + 315. Let l be m(-2). Calculate the greatest common divisor of l and 775.
155
Let i = -202 - -366. Suppose 1151*n + i = 1155*n. Calculate the greatest common divisor of n and 123.
41
Let q be (30/(-4))/(483/(-14490)). Calculate the greatest common divisor of 18 and q.
9
Let h(f) = 29*f - 33. Let t(s) = 15*s - 16. Suppose -8*i = -i + 14. Let y(o) = i*h(o) + 5*t(o). Let r be y(7). What is the highest common divisor of r and 15?
15
Suppose -3 - 30 = -3*r. Let c(x) = -r*x + 26*x - 13*x + 4. Let b be c(14). What is the greatest common factor of 224 and b?
32
Let o be 495040/1071 - 2/9. What is the greatest common divisor of o and 147?
21
Let m = 2232 - 2012. Calculate the highest common divisor of 2585 and m.
55
Let m = -23 + 28. Let h be (-1)/m - 310/(-50). Suppose 10*k = h*k + 220. Calculate the highest common factor of k and 11.
11
Suppose 3*g = -i - 9, 5*g = -6 - 9. Let w(c) = 6*c**2 + c + 8. Let d be w(i). Calculate the highest common factor of 96 and d.
8
Let w be (-30)/9*(-12)/(-5). Let p be (18/w - -2) + 1517/164. What is the greatest common factor of p and 3?
3
Let r = -481 - -280. Let b = r + 294. Calculate the highest common divisor of b and 3.
3
Let x be ((-1)/2)/((-1)/120). Suppose 148*p - 150*p = -5*l + 50, 0 = -p + 5. Calculate the greatest common factor of l and x.
12
Suppose -2*k + q + 73 + 105 = 0, -q = 0. What is the greatest common divisor of k and 5696?
89
Let d(w) = 2*w + 4. Let t be d(16). Let x = -16 + t. Suppose 0*k = -2*f + 2*k + 162, 0 = k + 1. Calculate the greatest common factor of f and x.
20
Let k(q) = 2*q**3 - 44*q**2 - 48*q + 86. Let f be k(23). Calculate the highest common factor of f and 2260.
20
Let o(s) = -2*s + 3. Suppose -5*z = 3*d - 0*z + 29, d + 7 = z. Let w be o(d). Let v be -4 + 5 + 0 + 18. What is the greatest common divisor of v and w?
19
Let k = 71 - -1. Suppose 0 = 4*t - 2*t - k. Let o be 2616/36 + (-2)/3. Calculate the highest common factor of o and t.
36
Suppose 13113 = 8*x - 39*x. Let u = 443 + x. What is the highest common divisor of 160 and u?
20
Suppose 0*a - 2*a = 3*o - 278, 3*a + 365 = 4*o. Let v be -2 - (-5)/(10/o). Suppose 3*m = -14 + v. What is the greatest common factor of m and 20?
10
Suppose -5*d + 15 = 0, 17*d - 12*d = -3*l + 96. What is the highest common factor of l and 1233?
9
Let y(p) = 13*p - 83. Suppose -h = 5*s - 44, -h + 43 = 3*s + 9. Let b be y(h). What is the highest common factor of 205 and b?
41
Let g(j) = 27*j - 3. Let m be g(3). Suppose -31*p = 21*p - 30*p - 858. What is the highest common factor of p and m?
39
Suppose 2*i + q = 10, -q = -4*i - 4*q + 22. Suppose -h + 89 = i*l, -1 + 5 = 2*l. Let g be h/54 + (-7)/(-2). What is the greatest common factor of 2 and g?
1
Suppose 774*k + 695 + 1489 = 858*k. Suppose 81 = i + 4*y, -3*i - 2*i - 5*y = -345. What is the greatest common factor of i and k?
13
Suppose -4*f = 67*k - 70*k + 3190, -3*f - 21 = 0. Calculate the highest common divisor of 68 and k.
34
Let l = 4183 + -3840. What is the highest common divisor of 7 and l?
7
Suppose -i + 3*y + 190 = 0, 2*i - 4*i = -y - 375. Suppose -g + 4*l + 53 = 2, -5*g = -3*l - i. What is the greatest common factor of 49 and g?
7
Let w = 2 + 3. Suppose -w*d - 4*o + 219 + 589 = 0, -5*d - 5*o = -810. Calculate the greatest common divisor of 32 and d.
32
Suppose -2653 = 2829*p - 2844*p + 677. Calculate the greatest common factor of p and 1443.
111
Suppose 0 = 3*b + 37 - 748. What is the greatest common divisor of 24 and b?
3
Let o = -13049 - -13105. Calculate the highest common divisor of 532 and o.
28
Suppose 0 = -4*r - 3*w + 35, -2*r - 3*w = -5*w - 14. Suppose -2*m = r - 0. Let d be 7/((-21)/(-60)) - m. Calculate the greatest common factor of 8 and d.
8
Let o be (6/36*0)/2. Suppose o = r + 4*r - 285. What is the greatest common divisor of r and 19?
19
Suppose 53*q = 57*q - 20. Suppose 2*a + 4*t - 1442 = 0, 2*a = q*a - 2*t - 2131. What is the highest common divisor of 31 and a?
31
Let l(n) = 9*n. Let f be l(10). Suppose f = 4*h + h. Let j = -205 + 229. Calculate the greatest common divisor of j and h.
6
Suppose -31*q - 40 = -35*q. Let h(o) = 9*o + 36. Let c be h(q). Calculate the highest common factor of 18 and c.
18
Let g be ((21/(-6))/(-7))/(4/336). Let o be -40*g/35*-1. Calculate the highest common factor of 72 and o.
24
Suppose -3*q - 21 = w - 5*w, 3*q + 9 = 0. Let c be (6 + -3)*9 - w. Let z be 366/15 - 4/10. What is the greatest common factor of c and z?
24
Let t(r) = 3*r**2 + 80*r - 4972. Let x be t(77). What is the highest common divisor of 55 and x?
55
Suppose x - 7*x + 0*x = 0. Suppose -14*v + 17*v - 27 = x. Suppose 3*c - 42 = -z - v, c = 4*z + 24. What is the greatest common divisor of 60 and c?
12
Suppose 11637 - 28277 = -13*z. What is the greatest common factor of z and 40?
40
Suppose 2*h - 9*h + 1617 = 0. Let v = 2032 + -1999. Calculate the greatest common divisor of v and h.
33
Let f = -654 + 1642. What is the greatest common factor of 28 and f?
4
Suppose 15*r + 1280 = 25*r. Suppose 40 = y - r. What is the highest common divisor of 72 and y?
24
Suppose 3*u = -10 - 2, 1591 = 5*p - 4*u. Let r(x) = -x**3 - 11*x**2 - 4*x + 1. Let m be r(-11). What is the greatest common divisor of p and m?
45
Let y = 5727 + -1448. Calculate the greatest common factor of y and 11.
11
Suppose 0 = -l - 0 - 34. Let q = -28 - l. Suppose 4*h - q*h + 40 = 0. Calculate the highest common factor of h and 50.
10
Let t(z) = z + 10. Let h be t(5). Let w be 116*(-1)/(-2) - (12 + 42/(-3)). Calculate the highest common factor of h and w.
15
Let c = -7302 - -7374. What is the greatest common factor of 1112 and c?
8
Let n(i) = i**3 + 22*i**2 - 20*i - 32. Let p be n(-6). What is the greatest common factor of p and 24?
8
Let r(j) = j**3 + 40*j**2 + 41*j + 214. Let q be r(-39). What is the greatest common factor of q and 4114?
34
Let k be 202/(-10) + (-22)/(-110). Suppose -i + 54 - 26 = 0. Let l = k + i. What is the greatest common factor of 64 and l?
8
Suppose -309*h + 1364353 - 425611 = 0. Calculate the highest common divisor of h and 294.
98
Let h = 130 + 100. Suppose -10*u + h = -5*u. Let a be (22/28 - 6/21)*46. What is the greatest common factor of a and u?
23
Let a be ((-375)/(-30))/(6/(-4) - -2). Suppose -4*m + 44 = 4*q, 5*q = -4*m + 48 + 4. Suppose q*i = 11*i - 15. What is the greatest common factor of a and i?
5
Let b(r) be the third derivative of 0*r + 15*r**2 + 0 + 1/60*r**5 + 1/2*r**3 - 1/24*r**4. Let m be b(-6). What is the greatest common divisor of 30 and m?
15
Let j(k) = k**2 - k + 1. Let l(i) = 2*i**3 + 8*i**2 + 2*i + 3. Let b(f) = 3*j(f) - l(f). Let t be b(-2). What is the highest common divisor of 6 and t?
6
Let a = 5123 + -5075. What is the highest common factor of a and 45?
3
Let v(l) = 5*l**2 + 82*l + 392. Let g be v(-4). Let s = 1 - -3. Suppose a = -x + s*a + 12, 6 = 3*a. Calculate the high